c - p - 75 = -3*p. Is c a composite number?
False
Let m(l) = l**2 + l + 2. Let i = 4 - 8. Let q be m(i). Is 1/2*q*2 a prime number?
False
Let d be 108/26 - 8/52. Suppose -d*x + 390 = -22. Is x a prime number?
True
Suppose 8734 = 8*w - 4810. Is w prime?
True
Let s = 70 - -7. Suppose 2*n + s = 3*n. Is n prime?
False
Suppose -4*d + 25 = -9*d. Let a = d - -7. Suppose a*f - 10 = 4. Is f a prime number?
True
Is 4/8*(5860/5 - -2) composite?
False
Let h = -16 - -30. Suppose 0*t + h = t. Is t a prime number?
False
Let z be (-82147)/7 - (-12)/42. Is (-2)/7 - z/35 a prime number?
False
Let z(k) = -k**3 - 3*k**2 - 6*k - 2. Is z(-6) composite?
True
Let c = -166 + 299. Is c composite?
True
Let q(g) = g**3 + 7*g**2 + 5*g - 2. Let s be q(-6). Suppose -s*m + 16 = 6*d - 2*d, -m - 4 = -d. Is d a composite number?
True
Let o = 6 - 9. Let c be ((-46)/o)/((-14)/(-357)). Let t = -252 + c. Is t a prime number?
True
Suppose -u + 359 = -228. Is u a composite number?
False
Let x(h) = -h**3 + 11*h**2 - 2*h + 9. Let b be x(6). Suppose -p + 4*p = b. Is p prime?
True
Let m = 1442 - 783. Is m a composite number?
False
Let l(k) = -k**3 + 6*k**2 - 4*k - 6. Let t be l(5). Let n be (-2)/1 - (-1 + 0). Is 19 + n/t*0 a prime number?
True
Suppose 405 = 5*x - 2*x + 5*p, 5*x + 4*p = 688. Suppose x = 2*v + 2*v. Is v prime?
False
Suppose 0 = -b + 3 - 1. Suppose u + 137 = 4*m, -u - 4*u = b*m - 85. Is m composite?
True
Suppose -4*b + 2*y - 4*y + 598 = 0, -2*y + 2 = 0. Is b a prime number?
True
Let v(g) = g**2 - 6*g + 9. Let w be v(4). Is 6*(w + 51/2) composite?
True
Let h be (-9)/(-1) + 0 + 0. Is (3/h)/((-5)/(-1185)) composite?
False
Let k = -1319 + 3100. Is k a composite number?
True
Suppose -8*a + 542 = -7482. Is a composite?
True
Suppose 5*h - h + 2*z = -18, 0 = -2*z + 6. Let g(b) = 0 - 3 - 1 - 3*b. Is g(h) composite?
True
Let f = 6 - 5. Is 4/(-12)*(-345)/f a prime number?
False
Let h(s) = 4*s - 1. Let v be h(-3). Let q be 2/v + 11/(-13). Let y = q - -8. Is y prime?
True
Let a(n) = 5*n**2 - 3*n - 1. Suppose 0*z = 4*z - 2*q + 16, z + 1 = -q. Is a(z) a prime number?
True
Is (2757*2/12)/((-4)/(-8)) composite?
False
Let z be 0 + 0*3/9. Suppose y + z*y = 99. Suppose -5*x - y = -4*p, 0 = -p + x + 13 + 12. Is p a prime number?
False
Let c = -290 - -162. Let z = 221 + c. Let k = z + -35. Is k a prime number?
False
Let f(z) = z**2 - 2*z - 1. Let h be f(3). Let m be (2*-1)/((-1)/h). Suppose -j + m*w + 3 = -0*w, w + 12 = j. Is j prime?
False
Suppose a - 1203 = c, -c - 2 + 4 = 0. Is a a prime number?
False
Let l(g) = 1 + 48*g - 29*g + 35*g. Let i be -1 + 2 + -1 + (-3)/(-3). Is l(i) composite?
True
Suppose -i - 11 = -5*o, -23 = 2*i + 4*o + 13. Let f be (-3)/(-2)*i/(-12). Suppose -k + 526 = 4*h, k = 5*h + f*k - 657. Is h composite?
False
Suppose -2626 = -4*s + 250. Is s a prime number?
True
Suppose v = 2 + 1. Suppose 0 = -4*g + 2*g + 5*d + 279, -4*d + 361 = v*g. Is g a composite number?
False
Suppose -3*l + 4227 = -0*l. Is l composite?
False
Suppose 0 = -20*m + 18*m + 892. Is m composite?
True
Suppose 2*q + 4*c = 16, 4*q + 3*c - c = 20. Suppose -3*j + q*j = -3. Is j*(2 - 1)*-1 prime?
True
Let s(d) = -7*d**2 + 2. Let w(h) = -20*h**2 + h + 5. Let v(c) = 11*s(c) - 4*w(c). Suppose -2*a - 1 = -9. Is v(a) a composite number?
True
Let d(p) = 2*p**2 + 3*p + 2. Let y be d(-2). Is (y + -6)/((-1)/17) composite?
True
Suppose 8*z + 2*z = 12470. Is z composite?
True
Let w(k) = -33*k - 5 + 2 + 116*k. Is w(2) prime?
True
Suppose r + 948 = 3*r. Is ((-3)/9)/((-2)/r) a prime number?
True
Let b be (4/6)/(4/30). Let l = b - 4. Let c(q) = 22*q + 1. Is c(l) a composite number?
False
Suppose -15 = -f - 5*z, -3*f + 4*z - z - 27 = 0. Let n = 8 + f. Suppose n*k - k = -10, -2*o + 657 = k. Is o prime?
True
Let g = 96 + -38. Is g a composite number?
True
Let d(t) = 14*t + 1. Suppose -5*n - 5*h = -0*h - 20, -n + 2*h - 5 = 0. Let c be ((-13)/5 + n)*-5. Is d(c) a composite number?
False
Let i be 5*20/(-12)*3. Let j = i + 44. Is j a prime number?
True
Let u(f) = f**3 - 7*f**2 + 5*f - 4. Let t be u(6). Let i = t - -41. Is i a composite number?
False
Let n(l) = 11*l**2 + 27*l - 2. Let x(u) = -5*u**2 - 13*u + 1. Let y(r) = 4*n(r) + 9*x(r). Let o be y(-9). Suppose -o - 2 = -z. Is z a composite number?
False
Let v(t) = -t**2 - 13*t + 33. Is v(-14) a composite number?
False
Let q = -11 + 21. Suppose 0 = -0*h - h - 4*v + 25, -h - q = -3*v. Suppose -h*g + 45 = -120. Is g prime?
False
Suppose -p + 3*d = 4*d - 173, d - 527 = -3*p. Is p composite?
True
Suppose 5*z = -0*z + 10. Is z/4 - (-50)/4 a prime number?
True
Is 6*785/30 - (1 + -1) a composite number?
False
Suppose -2*r + 698 = -1272. Is r composite?
True
Let m(k) = -11*k**2 + k. Let n be m(1). Let j(b) = -b**2 - b + 4. Let h be j(n). Is 1 - (3 - 2)*h a prime number?
False
Suppose o = -o + 46. Suppose -o + 8 = -m. Suppose 5*d = -5*f + 60, -f - m = -3*d + 1. Is d a composite number?
False
Suppose -3*m - 2*m + 4465 = 0. Is m prime?
False
Suppose 4*d = 76 + 60. Is d a composite number?
True
Is (-7)/((-21)/6) + 129 a prime number?
True
Suppose -k + 2*j = -558, -3*k + j + 387 = -1272. Suppose -k + 47 = -5*h. Suppose -396 + h = -5*z. Is z prime?
True
Suppose -27*b - 30 = -28*b. Suppose -i - 5 = -2*i. Let y = b + i. Is y a composite number?
True
Let l(z) = -418*z**3 + z**2 + z + 1. Is l(-1) a composite number?
False
Let o(x) = 26*x - 7. Suppose -21 = -4*n + 5*v - 2*v, 5*v + 25 = 5*n. Is o(n) prime?
True
Suppose -3*p + 2*p + 281 = 0. Suppose -p + 756 = 5*v - 2*u, 0 = -5*v - 4*u + 505. Is v prime?
True
Let j(x) = 28*x**2 + 11*x + 13. Is j(-6) a prime number?
False
Let f be (-2)/(-2) + -6*38. Is -1 - 2 - (1 + f) a prime number?
True
Let v = 821 + -560. Suppose 2*p = 4*p + 8, -p = 5*j - v. Is j a prime number?
True
Let u be (-2)/(-3) + (-105)/(-45). Suppose -g - 4*g + u*x + 641 = 0, 4*x = -4*g + 500. Is g composite?
False
Let l(i) be the third derivative of i**5/60 + 5*i**4/12 + i**3/2 - 3*i**2. Let a be l(-10). Suppose 4*t = -h + 811, a*h + 576 = 2*t + 167. Is t a prime number?
False
Suppose 5*t + 4*j = 35, 0*j + 29 = 3*t + 4*j. Is 35 - t/(-3) - -1 prime?
True
Let g(v) = 62*v**2 + 0 + 7*v + 1 - 8*v. Let p be g(3). Let j = -389 + p. Is j prime?
True
Let n(q) = -q**2 - 9*q + 5. Is n(-7) a composite number?
False
Let g(t) = t**3 + 6*t**2 + 6*t + 6. Let n be g(-5). Let j be (-3 + n)*(-1 + -18). Let r = j + 39. Is r a composite number?
True
Let z = 4 - 8. Let k be 2/z*0/4. Let d(c) = c**2 + 7. Is d(k) a composite number?
False
Suppose 0 = 3*g + r - 161, -3*g + 73 + 94 = 4*r. Is g composite?
False
Let s(l) = 2020*l**3 - 2*l**2 + 1. Is s(1) prime?
False
Is (-6)/(-4)*376/12 prime?
True
Suppose -3*c + 917 = 2*c - 4*n, 0 = -4*c + n + 738. Is c composite?
True
Suppose -3*f = l - 151, -2*l - 15 = -5. Suppose -1 = -3*r - 2*h + 43, 4*r = -h + f. Suppose 0 = -4*i - r, -g - 4*i + 26 = -i. Is g prime?
False
Let y(b) = b**2 + 6*b + 4. Let o be y(-5). Let g be o*7*96/(-28). Let p = 50 - g. Is p composite?
True
Let l(p) = 81*p. Let q(b) = 61*b - 20*b + 39*b + 2*b. Let t(a) = 5*l(a) - 4*q(a). Is t(1) composite?
True
Suppose -3*s = -5*o + 1894 + 1636, -3*o = -2*s - 2119. Is o composite?
True
Let d(s) = 4*s**3 + 2*s**2 + 3. Let b be d(-4). Let y = -72 - b. Is y a prime number?
True
Let m(g) = -2*g**3 - 2*g**2 + 3*g + 2. Let y be m(3). Let c = y - -86. Is c composite?
True
Is (4/(-1))/(-1) - -925 a composite number?
False
Let h be (-3 - 3)/(1 + 0). Let b(y) = y**3 + 5*y**2 - 8*y - 8. Let t be b(h). Suppose 0 = -3*s + k + 561, 0*s + 748 = t*s - k. Is s composite?
True
Suppose 9*q - 4*q - 485 = 0. Is q prime?
True
Suppose -12*v + 587 = -11*v. Is v prime?
True
Let j = -5 + 9. Suppose -g = j - 23. Is g prime?
True
Suppose 57 = -g + 316. Is g a prime number?
False
Let i = 14 + -23. Let v(p) = 2*p**2 + 10*p - 13. Is v(i) composite?
False
Let b = -1 - -3. Suppose -3*s = 0, -2*n + 5*s + 50 = 3*s. Suppose -z = -b*z + n. Is z prime?
False
Let a(m) = -m**2 - 4*m - 1. Let n be a(-2). Suppose -4*k - n*f + 126 = -21, 5*k - 140 = 5*f. Is k composite?
True
Let v = 0 + -1. Let m be (-1)/v*1*215. Let t = 304 - m. Is t composite?
False
Let l(k) = k**3 + 5*k**2 - 2*k + 7. Let r be l(-5). Let h be 1/(-2) + 14/(-4). Let d = r - h. Is d prime?
False
Let a = -299 - -493. Is a composite?
True
Suppose -3*w - b + 3 = 2*b, 0 = -2*w - 4*b - 2. L